{"id":324,"date":"2024-09-19T13:28:03","date_gmt":"2024-09-19T13:28:03","guid":{"rendered":"https:\/\/www.bosternak.com\/?page_id=324"},"modified":"2025-11-21T12:50:21","modified_gmt":"2025-11-21T12:50:21","slug":"a-klasszikus-homeopatiarol","status":"publish","type":"page","link":"https:\/\/www.bosternak.com\/?page_id=324&lang=hu","title":{"rendered":"Klasszikus homeop\u00e1tia"},"content":{"rendered":"\n<p><\/p>\n\n\n\n<p class=\"has-vivid-red-color has-text-color has-link-color wp-elements-e3d1cde14a31c5d1dc804634f34af63a\" style=\"font-size:28px\"><\/p>\n\n\n\n<hr class=\"wp-block-separator has-alpha-channel-opacity\"\/>\n\n\n\n<h3 class=\"wp-block-heading\">A klasszikus homeop\u00e1tia alapjai<\/h3>\n\n\n\n<p>A klasszikus homeop\u00e1tia a \u201ehasonl\u00f3 a hasonl\u00f3t\u201d elven m\u0171k\u00f6dik. Ez azt jelenti, hogy egy anyag, amely egy eg\u00e9szs\u00e9ges emberben t\u00fcneteket okoz, kis adagokban k\u00e9pes ugyanezeket a t\u00fcneteket helyrehozni egy beteg embern\u00e9l. <strong>A klasszikus homeop\u00e1tia kulcsa az egyedi, szem\u00e9lyre szabott tan\u00e1csad\u00e1s<\/strong>, amely a p\u00e1ciens teljes fizikai, \u00e9rzelmi \u00e9s ment\u00e1lis \u00e1llapot\u00e1t figyelembe veszi, nem csak egyes t\u00fcneteit.<\/p>\n\n\n\n<p>A homeop\u00e1ti\u00e1s besz\u00e9lget\u00e9s sor\u00e1n, kulcsfontoss\u00e1g\u00fa a szem\u00e9lyre szabott hozz\u00e1\u00e1ll\u00e1s. Minden kliens egy egyedi seg\u00edts\u00e9get kap, amely a t\u00fcneteinek legink\u00e1bb megfelel. <\/p>\n\n\n\n<h3 class=\"wp-block-heading\">A homeop\u00e1tia magasabb szinten<\/h3>\n\n\n<div class=\"wp-block-image\">\n<figure class=\"alignleft size-large is-resized\"><img loading=\"lazy\" decoding=\"async\" width=\"1024\" height=\"585\" src=\"https:\/\/www.bosternak.com\/wp-content\/uploads\/2024\/11\/analog_homeo_004-4-1024x585.jpg\" alt=\"\" class=\"wp-image-763\" style=\"width:462px;height:auto\" srcset=\"https:\/\/www.bosternak.com\/wp-content\/uploads\/2024\/11\/analog_homeo_004-4-1024x585.jpg 1024w, https:\/\/www.bosternak.com\/wp-content\/uploads\/2024\/11\/analog_homeo_004-4-300x171.jpg 300w, https:\/\/www.bosternak.com\/wp-content\/uploads\/2024\/11\/analog_homeo_004-4-768x439.jpg 768w, https:\/\/www.bosternak.com\/wp-content\/uploads\/2024\/11\/analog_homeo_004-4-1536x878.jpg 1536w, https:\/\/www.bosternak.com\/wp-content\/uploads\/2024\/11\/analog_homeo_004-4.jpg 1792w\" sizes=\"auto, (max-width: 1024px) 100vw, 1024px\" \/><\/figure><\/div>\n\n\n<p>A nevezetes homeopata, G. Vithoulkas tudom\u00e1nyos szintre emelte a homeop\u00e1ti\u00e1t, mik\u00f6zben h\u0171 maradt annak eredeti alapelveihez. <em>A homeop\u00e1tia tudom\u00e1nya<\/em> c\u00edm\u0171 k\u00f6nyv\u00e9ben r\u00e9szletesen le\u00edrta, hogyan <strong>serkentik a h\u00edg\u00edtott gy\u00f3gyszerek a test \u201e\u00e9leterej\u00e9t\u201d, hogy helyre\u00e1ll\u00edts\u00e1k az egyens\u00falyt.<\/strong> Emellett bevezette az \u201eEg\u00e9szs\u00e9g Szintjei\u201d elm\u00e9let\u00e9t, amely seg\u00edt a homeopat\u00e1knak meg\u00e9rteni a p\u00e1ciensek \u00e1ltal\u00e1nos eg\u00e9szs\u00e9gi \u00e1llapot\u00e1t \u00e9s azt, hogyan reag\u00e1lnak a kezel\u00e9sre.<\/p>\n\n\n\n<p>Az \u201eEg\u00e9szs\u00e9g Szintjei\u201d elm\u00e9let\u00e9ben Vithoulkas k\u00fcl\u00f6nb\u00f6z\u0151 kateg\u00f3ri\u00e1kat hat\u00e1roz meg az \u00e9leter\u0151 alapj\u00e1n. <strong>Az eg\u00e9szs\u00e9gesebb p\u00e1ciensek er\u0151s t\u00fcneteket mutatnak<\/strong>, de gyorsan gy\u00f3gyulnak. Ezzel szemben <strong>a kr\u00f3nikus betegs\u00e9gekkel k\u00fczd\u0151 p\u00e1ciensekn\u00e9l a t\u00fcnetek enyh\u00e9bbek, de tart\u00f3sabbak. <\/strong>Ez az elm\u00e9let seg\u00edt a homeopat\u00e1knak meg\u00e9rteni, hogy a p\u00e1ciens milyen \u00e1llapotban van, \u00e9s milyen gyorsan v\u00e1rhat\u00f3 a gy\u00f3gyul\u00e1s.<\/p>\n\n\n\n<h3 class=\"wp-block-heading\">Az \u00e9leter\u0151 \u00e9s a gy\u00f3gyul\u00e1si folyamat<\/h3>\n\n\n\n<p>A klasszikus homeop\u00e1tia k\u00f6zponti fogalma az \u201e\u00e9leter\u0151\u201d. Ez a bels\u0151 energia tartja fenn az eg\u00e9szs\u00e9get \u00e9s az egyens\u00falyt. Ha ez az energia megbomlik, a test elvesz\u00edti az egyens\u00faly\u00e1t, \u00e9s betegs\u00e9g alakul ki. A homeop\u00e1ti\u00e1s szerek nem k\u00f6zvetlen\u00fcl t\u00e1madj\u00e1k a betegs\u00e9get, hanem <strong>az \u00e9leter\u0151t serkentik, hogy a test \u00fajra helyre\u00e1ll\u00edthassa az egyens\u00faly\u00e1t.<\/strong><\/p>\n\n\n\n<p>Egy sikeres homeop\u00e1ti\u00e1s kezel\u00e9s sor\u00e1n <strong>a t\u00fcnetek egy meghat\u00e1rozott sorrendben t\u0171nnek el<\/strong>. El\u0151sz\u00f6r <strong>a fontosabb szervekt\u0151l a kev\u00e9sb\u00e9 fontosak fel\u00e9 haladva, vagy bel\u00fclr\u0151l kifel\u00e9<\/strong>. Ez a Hering-f\u00e9le gy\u00f3gyul\u00e1si t\u00f6rv\u00e9nyt k\u00f6veti, ami azt mutatja, hogy a gy\u00f3gyul\u00e1s m\u00e9lyrehat\u00f3. <\/p>\n\n\n\n<h3 class=\"wp-block-heading\">A gy\u00f3gy\u00edt\u00f3 szerepe<\/h3>\n\n\n\n<p>A klasszikus homeop\u00e1ti\u00e1ban a seg\u00edt\u0151 homeopata szerepe kiemelked\u0151en fontos. A homeopata alaposan meghallgatja a p\u00e1ciens k\u00f3rt\u00f6rt\u00e9net\u00e9t, bele\u00e9rtve az \u00e9rzelmi \u00e9s pszichol\u00f3giai t\u00fcneteket is. A <strong>c\u00e9l az, hogy egyetlen olyan szert tal\u00e1ljanak<\/strong>, amely pontosan illeszkedik a p\u00e1ciens \u00e1llapot\u00e1hoz ami azt\u00e1n a hagyom\u00e1nyos orvosl\u00e1s mellett t\u00e1mogatni tudja a szervezet\u00e9t.<\/p>\n\n\n\n<p>A homeopat\u00e1k folyamatosan figyelik a p\u00e1ciens \u00e1llapot\u00e1nak v\u00e1ltoz\u00e1sait. Ezek az \u00e9szrev\u00e9telek seg\u00edtenek meghat\u00e1rozni, mikor sz\u00fcks\u00e9ges v\u00e1ltoztatni. A homeop\u00e1ti\u00e1s kezel\u00e9s t\u00fcrelmet, b\u00f6lcsess\u00e9get \u00e9s tiszteletet ig\u00e9nyel a kliens egy\u00e9ni saj\u00e1toss\u00e1gai ir\u00e1nt. <\/p>\n\n\n\n<h3 class=\"wp-block-heading\">A homeop\u00e1tia mint kieg\u00e9sz\u00edt\u0151 kezel\u00e9s a hagyom\u00e1nyos orvosl\u00e1s mell\u00e9<\/h3>\n\n\n\n<p>A homeop\u00e1tia hossz\u00fa t\u00e1v\u00fa megold\u00e1st k\u00edn\u00e1l sok kr\u00f3nikus \u00e1llapotra. <strong>Er\u0151s\u00edti a test v\u00e9dekez\u0151k\u00e9pess\u00e9g\u00e9t,<\/strong> ahelyett, hogy puszt\u00e1n a t\u00fcneteket nyomn\u00e1 el. Sok homeopata arra a meg\u00e1llapod\u00e1sra jutott, hogy az antibiotikumok t\u00falzott haszn\u00e1lata \u00e9s a gy\u00f3gyszeres kezel\u00e9sek k\u00e1ros hat\u00e1sokat id\u00e9zhetnek el\u0151, s\u0151t s\u00falyosb\u00edthatj\u00e1k az eg\u00e9szs\u00e9gi \u00e1llapotot.<\/p>\n\n\n\n<h3 class=\"wp-block-heading\">A homeop\u00e1tia mint \u00f6r\u00f6ks\u00e9g<\/h3>\n\n\n\n<p>Sok nevezetes homeopata eg\u00e9sz \u00e9let\u00e9t a homeop\u00e1tia fejleszt\u00e9s\u00e9nek szentelte. A g\u00f6r\u00f6gorsz\u00e1gi Nemzetk\u00f6zi Klasszikus Homeop\u00e1tia Akad\u00e9mi\u00e1j\u00e1n kereszt\u00fcl Vithoulkas vil\u00e1gszerte homeopat\u00e1k ezreit k\u00e9pezte ki. Tan\u00edtv\u00e1nyai folytatj\u00e1k tan\u00edt\u00e1sait, seg\u00edtve a p\u00e1cienseket abban, hogy tart\u00f3s eg\u00e9szs\u00e9gre tal\u00e1ljanak.<\/p>\n\n\n\n<p>Egy olyan vil\u00e1gban, ahol a kr\u00f3nikus betegs\u00e9gek egyre gyakoribbak, <strong>a klasszikus homeop\u00e1tia term\u00e9szetes alternat\u00edv\u00e1t k\u00edn\u00e1l<\/strong>. Manaps\u00e1g <strong>egyre t\u00f6bben keresnek holisztikus gy\u00f3gy\u00edt\u00e1si m\u00f3dszereket.<\/strong> G.V. tan\u00edt\u00e1sai rem\u00e9nyt \u00e9s megold\u00e1st ny\u00fajt azoknak, akik a hagyom\u00e1nyos orvosl\u00e1s helyett m\u00e1s megk\u00f6zel\u00edt\u00e9st is keresnek.<\/p>\n\n\n\n<p>A klasszikus homeop\u00e1tia, egy holisztikus, szem\u00e9lyre szabott m\u00f3dszert k\u00edn\u00e1l. Az\u00e1ltal, hogy<strong> a betegs\u00e9gek gy\u00f6ker\u00e9t c\u00e9lozza meg<\/strong>, seg\u00edthet helyre\u00e1ll\u00edtani az egyens\u00falyt. Vithoulkas hozz\u00e1j\u00e1rul\u00e1sai biztos\u00edtj\u00e1k, hogy a homeop\u00e1tia tov\u00e1bbra is vir\u00e1gozhasson, alternat\u00edv\u00e1t k\u00edn\u00e1lva a modern orvosi gyakorlatokkal szemben.<\/p>\n\n\n\n<p class=\"has-medium-font-size\"><strong>Miben seg\u00edthet a homeop\u00e1tia a klasszikus orvosl\u00e1s mellett?<\/strong><\/p>\n\n\n\n<ul class=\"wp-block-list\">\n<li><strong>Kr\u00f3nikus f\u00e1jdalmak<\/strong> (pl. \u00edz\u00fcleti gyullad\u00e1s, migr\u00e9n)<\/li>\n\n\n\n<li><strong>Allergi\u00e1k \u00e9s l\u00e9g\u00fati probl\u00e9m\u00e1k<\/strong> (pl. sz\u00e9nan\u00e1tha, asztma)<\/li>\n\n\n\n<li><strong>Em\u00e9szt\u00e9si zavarok<\/strong> (pl. reflux, irrit\u00e1bilis b\u00e9l szindr\u00f3ma)<\/li>\n\n\n\n<li><strong>B\u0151rprobl\u00e9m\u00e1k<\/strong> (pl. ekc\u00e9ma, pikkelys\u00f6m\u00f6r, akn\u00e9)<\/li>\n\n\n\n<li><strong>Stressz \u00e9s szorong\u00e1s<\/strong> (fesz\u00fclts\u00e9g old\u00e1sa)<br><strong>Alv\u00e1szavarok<\/strong> (pl. \u00e1lmatlans\u00e1g, gyakori \u00e9jszakai \u00e9bred\u00e9sek)<\/li>\n\n\n\n<li><strong>Hormon\u00e1lis egyens\u00falyhi\u00e1ny<\/strong> (pl. menstru\u00e1ci\u00f3s panaszok, menopauza)<\/li>\n\n\n\n<li><strong>Gyermekbetegs\u00e9gek<\/strong> (pl. visszat\u00e9r\u0151 fert\u0151z\u00e9sek, hiperaktivit\u00e1s)<\/li>\n\n\n\n<li><strong>Immunrendszer t\u00e1mogat\u00e1sa<\/strong> (pl. visszat\u00e9r\u0151 megf\u00e1z\u00e1sok, fert\u0151z\u00e9sek)<\/li>\n\n\n\n<li><strong>Traum\u00e1k \u00e9s m\u0171t\u00e9t ut\u00e1ni regener\u00e1ci\u00f3<\/strong> (az \u00e9leter\u0151 helyre\u00e1ll\u00edt\u00e1s\u00e1hoz)<\/li>\n<\/ul>\n\n\n\n<p><\/p>\n\n\n\n<hr class=\"wp-block-separator has-alpha-channel-opacity\"\/>\n\n\n\n<p><\/p>\n\n\n\n<p><strong><em>A weboldalon tal\u00e1lhat\u00f3 inform\u00e1ci\u00f3k t\u00e1j\u00e9koztat\u00f3 jelleg\u0171ek, \u00e9s nem helyettes\u00edtik az orvosi szakv\u00e9lem\u00e9nyt. B\u00e1rmif\u00e9le eg\u00e9szs\u00e9g\u00fcgyi probl\u00e9ma eset\u00e9n k\u00e9rj\u00fck forduljon szakorvoshoz.<\/em><\/strong><\/p>\n","protected":false},"excerpt":{"rendered":"<p>A klasszikus homeop\u00e1tia alapjai A klasszikus homeop\u00e1tia a \u201ehasonl\u00f3 a hasonl\u00f3t\u201d elven m\u0171k\u00f6dik. Ez azt jelenti, hogy egy anyag, amely egy eg\u00e9szs\u00e9ges emberben t\u00fcneteket okoz, kis adagokban k\u00e9pes ugyanezeket a t\u00fcneteket helyrehozni egy beteg embern\u00e9l. A klasszikus homeop\u00e1tia kulcsa az egyedi, szem\u00e9lyre szabott tan\u00e1csad\u00e1s, amely a p\u00e1ciens teljes fizikai, \u00e9rzelmi \u00e9s ment\u00e1lis \u00e1llapot\u00e1t figyelembe veszi, [&hellip;]<\/p>\n","protected":false},"author":1,"featured_media":0,"parent":0,"menu_order":0,"comment_status":"closed","ping_status":"closed","template":"","meta":{"_monsterinsights_skip_tracking":false,"_monsterinsights_sitenote_active":false,"_monsterinsights_sitenote_note":"","_monsterinsights_sitenote_category":0,"footnotes":""},"class_list":["post-324","page","type-page","status-publish","hentry"],"yoast_head":"<!-- This site is optimized with the Yoast SEO plugin v23.3 - https:\/\/yoast.com\/wordpress\/plugins\/seo\/ -->\n<title>Klasszikus homeop\u00e1tia - bosternak.com<\/title>\n<meta name=\"robots\" content=\"index, follow, max-snippet:-1, max-image-preview:large, max-video-preview:-1\" \/>\n<link rel=\"canonical\" href=\"https:\/\/www.bosternak.com\/?page_id=324&lang=hu\" \/>\n<meta property=\"og:locale\" content=\"en_US\" \/>\n<meta property=\"og:type\" content=\"article\" \/>\n<meta property=\"og:title\" content=\"Klasszikus homeop\u00e1tia - bosternak.com\" \/>\n<meta property=\"og:description\" content=\"A klasszikus homeop\u00e1tia alapjai A klasszikus homeop\u00e1tia a \u201ehasonl\u00f3 a hasonl\u00f3t\u201d elven m\u0171k\u00f6dik. Ez azt jelenti, hogy egy anyag, amely egy eg\u00e9szs\u00e9ges emberben t\u00fcneteket okoz, kis adagokban k\u00e9pes ugyanezeket a t\u00fcneteket helyrehozni egy beteg embern\u00e9l. A klasszikus homeop\u00e1tia kulcsa az egyedi, szem\u00e9lyre szabott tan\u00e1csad\u00e1s, amely a p\u00e1ciens teljes fizikai, \u00e9rzelmi \u00e9s ment\u00e1lis \u00e1llapot\u00e1t figyelembe veszi, [&hellip;]\" \/>\n<meta property=\"og:url\" content=\"https:\/\/www.bosternak.com\/?page_id=324&amp;lang=hu\" \/>\n<meta property=\"og:site_name\" content=\"bosternak.com\" \/>\n<meta property=\"article:modified_time\" content=\"2025-11-21T12:50:21+00:00\" \/>\n<meta property=\"og:image\" content=\"https:\/\/www.bosternak.com\/wp-content\/uploads\/2024\/11\/analog_homeo_004-4-1024x585.jpg\" \/>\n<meta name=\"twitter:card\" content=\"summary_large_image\" \/>\n<meta name=\"twitter:label1\" content=\"Est. reading time\" \/>\n\t<meta name=\"twitter:data1\" content=\"3 minutes\" \/>\n<script type=\"application\/ld+json\" class=\"yoast-schema-graph\">{\"@context\":\"https:\/\/schema.org\",\"@graph\":[{\"@type\":\"WebPage\",\"@id\":\"https:\/\/www.bosternak.com\/?page_id=324&lang=hu\",\"url\":\"https:\/\/www.bosternak.com\/?page_id=324&lang=hu\",\"name\":\"Klasszikus homeop\u00e1tia - bosternak.com\",\"isPartOf\":{\"@id\":\"https:\/\/www.bosternak.com\/#website\"},\"primaryImageOfPage\":{\"@id\":\"https:\/\/www.bosternak.com\/?page_id=324&lang=hu#primaryimage\"},\"image\":{\"@id\":\"https:\/\/www.bosternak.com\/?page_id=324&lang=hu#primaryimage\"},\"thumbnailUrl\":\"https:\/\/www.bosternak.com\/wp-content\/uploads\/2024\/11\/analog_homeo_004-4-1024x585.jpg\",\"datePublished\":\"2024-09-19T13:28:03+00:00\",\"dateModified\":\"2025-11-21T12:50:21+00:00\",\"breadcrumb\":{\"@id\":\"https:\/\/www.bosternak.com\/?page_id=324&lang=hu#breadcrumb\"},\"inLanguage\":\"en-US\",\"potentialAction\":[{\"@type\":\"ReadAction\",\"target\":[\"https:\/\/www.bosternak.com\/?page_id=324&lang=hu\"]}]},{\"@type\":\"ImageObject\",\"inLanguage\":\"en-US\",\"@id\":\"https:\/\/www.bosternak.com\/?page_id=324&lang=hu#primaryimage\",\"url\":\"https:\/\/www.bosternak.com\/wp-content\/uploads\/2024\/11\/analog_homeo_004-4.jpg\",\"contentUrl\":\"https:\/\/www.bosternak.com\/wp-content\/uploads\/2024\/11\/analog_homeo_004-4.jpg\",\"width\":1792,\"height\":1024},{\"@type\":\"BreadcrumbList\",\"@id\":\"https:\/\/www.bosternak.com\/?page_id=324&lang=hu#breadcrumb\",\"itemListElement\":[{\"@type\":\"ListItem\",\"position\":1,\"name\":\"Home\",\"item\":\"https:\/\/www.bosternak.com\/?page_id=1142&lang=hu\"},{\"@type\":\"ListItem\",\"position\":2,\"name\":\"Klasszikus homeop\u00e1tia\"}]},{\"@type\":\"WebSite\",\"@id\":\"https:\/\/www.bosternak.com\/#website\",\"url\":\"https:\/\/www.bosternak.com\/\",\"name\":\"AnaLog Consultancy\",\"description\":\"\",\"potentialAction\":[{\"@type\":\"SearchAction\",\"target\":{\"@type\":\"EntryPoint\",\"urlTemplate\":\"https:\/\/www.bosternak.com\/?s={search_term_string}\"},\"query-input\":\"required name=search_term_string\"}],\"inLanguage\":\"en-US\"}]}<\/script>\n<!-- \/ Yoast SEO plugin. -->","yoast_head_json":{"title":"Klasszikus homeop\u00e1tia - bosternak.com","robots":{"index":"index","follow":"follow","max-snippet":"max-snippet:-1","max-image-preview":"max-image-preview:large","max-video-preview":"max-video-preview:-1"},"canonical":"https:\/\/www.bosternak.com\/?page_id=324&lang=hu","og_locale":"en_US","og_type":"article","og_title":"Klasszikus homeop\u00e1tia - bosternak.com","og_description":"A klasszikus homeop\u00e1tia alapjai A klasszikus homeop\u00e1tia a \u201ehasonl\u00f3 a hasonl\u00f3t\u201d elven m\u0171k\u00f6dik. Ez azt jelenti, hogy egy anyag, amely egy eg\u00e9szs\u00e9ges emberben t\u00fcneteket okoz, kis adagokban k\u00e9pes ugyanezeket a t\u00fcneteket helyrehozni egy beteg embern\u00e9l. A klasszikus homeop\u00e1tia kulcsa az egyedi, szem\u00e9lyre szabott tan\u00e1csad\u00e1s, amely a p\u00e1ciens teljes fizikai, \u00e9rzelmi \u00e9s ment\u00e1lis \u00e1llapot\u00e1t figyelembe veszi, [&hellip;]","og_url":"https:\/\/www.bosternak.com\/?page_id=324&lang=hu","og_site_name":"bosternak.com","article_modified_time":"2025-11-21T12:50:21+00:00","og_image":[{"url":"https:\/\/www.bosternak.com\/wp-content\/uploads\/2024\/11\/analog_homeo_004-4-1024x585.jpg"}],"twitter_card":"summary_large_image","twitter_misc":{"Est. reading time":"3 minutes"},"schema":{"@context":"https:\/\/schema.org","@graph":[{"@type":"WebPage","@id":"https:\/\/www.bosternak.com\/?page_id=324&lang=hu","url":"https:\/\/www.bosternak.com\/?page_id=324&lang=hu","name":"Klasszikus homeop\u00e1tia - bosternak.com","isPartOf":{"@id":"https:\/\/www.bosternak.com\/#website"},"primaryImageOfPage":{"@id":"https:\/\/www.bosternak.com\/?page_id=324&lang=hu#primaryimage"},"image":{"@id":"https:\/\/www.bosternak.com\/?page_id=324&lang=hu#primaryimage"},"thumbnailUrl":"https:\/\/www.bosternak.com\/wp-content\/uploads\/2024\/11\/analog_homeo_004-4-1024x585.jpg","datePublished":"2024-09-19T13:28:03+00:00","dateModified":"2025-11-21T12:50:21+00:00","breadcrumb":{"@id":"https:\/\/www.bosternak.com\/?page_id=324&lang=hu#breadcrumb"},"inLanguage":"en-US","potentialAction":[{"@type":"ReadAction","target":["https:\/\/www.bosternak.com\/?page_id=324&lang=hu"]}]},{"@type":"ImageObject","inLanguage":"en-US","@id":"https:\/\/www.bosternak.com\/?page_id=324&lang=hu#primaryimage","url":"https:\/\/www.bosternak.com\/wp-content\/uploads\/2024\/11\/analog_homeo_004-4.jpg","contentUrl":"https:\/\/www.bosternak.com\/wp-content\/uploads\/2024\/11\/analog_homeo_004-4.jpg","width":1792,"height":1024},{"@type":"BreadcrumbList","@id":"https:\/\/www.bosternak.com\/?page_id=324&lang=hu#breadcrumb","itemListElement":[{"@type":"ListItem","position":1,"name":"Home","item":"https:\/\/www.bosternak.com\/?page_id=1142&lang=hu"},{"@type":"ListItem","position":2,"name":"Klasszikus homeop\u00e1tia"}]},{"@type":"WebSite","@id":"https:\/\/www.bosternak.com\/#website","url":"https:\/\/www.bosternak.com\/","name":"AnaLog Consultancy","description":"","potentialAction":[{"@type":"SearchAction","target":{"@type":"EntryPoint","urlTemplate":"https:\/\/www.bosternak.com\/?s={search_term_string}"},"query-input":"required name=search_term_string"}],"inLanguage":"en-US"}]}},"_links":{"self":[{"href":"https:\/\/www.bosternak.com\/index.php?rest_route=\/wp\/v2\/pages\/324","targetHints":{"allow":["GET"]}}],"collection":[{"href":"https:\/\/www.bosternak.com\/index.php?rest_route=\/wp\/v2\/pages"}],"about":[{"href":"https:\/\/www.bosternak.com\/index.php?rest_route=\/wp\/v2\/types\/page"}],"author":[{"embeddable":true,"href":"https:\/\/www.bosternak.com\/index.php?rest_route=\/wp\/v2\/users\/1"}],"replies":[{"embeddable":true,"href":"https:\/\/www.bosternak.com\/index.php?rest_route=%2Fwp%2Fv2%2Fcomments&post=324"}],"version-history":[{"count":5,"href":"https:\/\/www.bosternak.com\/index.php?rest_route=\/wp\/v2\/pages\/324\/revisions"}],"predecessor-version":[{"id":1231,"href":"https:\/\/www.bosternak.com\/index.php?rest_route=\/wp\/v2\/pages\/324\/revisions\/1231"}],"wp:attachment":[{"href":"https:\/\/www.bosternak.com\/index.php?rest_route=%2Fwp%2Fv2%2Fmedia&parent=324"}],"curies":[{"name":"wp","href":"https:\/\/api.w.org\/{rel}","templated":true}]}}